{"id":71,"date":"2022-08-14T03:00:07","date_gmt":"2022-08-14T01:00:07","guid":{"rendered":"http:\/\/webcom.sn\/?page_id=71"},"modified":"2024-03-29T22:36:53","modified_gmt":"2024-03-29T21:36:53","slug":"evenementiel","status":"publish","type":"page","link":"https:\/\/webcom.sn\/index.php\/evenementiel\/","title":{"rendered":"Ev\u00e9nementiel"},"content":{"rendered":"\n<figure class=\"wp-block-image size-full\"><img loading=\"lazy\" decoding=\"async\" width=\"980\" height=\"241\" src=\"http:\/\/webcom.sn\/wp-content\/uploads\/2024\/03\/03.jpg\" alt=\"\" class=\"wp-image-380\" srcset=\"https:\/\/webcom.sn\/wp-content\/uploads\/2024\/03\/03.jpg 980w, https:\/\/webcom.sn\/wp-content\/uploads\/2024\/03\/03-300x74.jpg 300w, https:\/\/webcom.sn\/wp-content\/uploads\/2024\/03\/03-768x189.jpg 768w\" sizes=\"(max-width: 980px) 100vw, 980px\" \/><\/figure>\n\n\n\n<p><strong>WEBCOM<\/strong>  vous \u00a0\u00a0\u00a0\u00a0propose \u00a0\u00a0\u00a0\u00a0un \u00a0\u00a0accompagnement \u00a0\u00a0total \u00a0dans \u00a0l\u00b4organisation de vos \u00e9v\u00e9nements. \u00a0En souscrivant \u00a0\u00a0\u00e1 notre pack \u00ab 100% \u00e9v\u00e9nement \u00bb \u00a0\u00a0vous n\u00b4aurez plus besoin de vous adresser \u00e1 plusieurs interlocuteurs. \u00a0\u00a0Un briefing avec notre \u00e9quipe dans un cadre convivial suffit  pour conna\u00eetre tous vos besoins et vous proposer des services de qualit\u00e9. Nous vous garantissons la r\u00e9ussite de vos \u00e9v\u00e9nements en prenant en charge : la logistique (sonorisation, interpr\u00e9tariat, prise de vue, mat\u00e9riel informatique, photocopieurs num\u00e9rique), le service traiteur (restauration, pause-caf\u00e9), la documentation (cartes d\u00b4invitation, affiches, flyers, banderoles, supports) la d\u00e9coration et l\u00b4accueil (h\u00f4tesses et mise en place).<br>R\u00e9sumons donc :\u00a0un interlocuteur et plusieurs prestations et cela \u00e1 des tarifs imbattables.<br>Enfin nous nous adaptons \u00e1 votre budget, pour vous permettre d\u00b4organiser de petits comme de grands \u00e9v\u00e9nements. Nous imaginons le concept qui fera de votre \u00e9v\u00e9nement un moment inoubliable.<\/p>\n\n\n\n<ul>\n<li><mark style=\"background-color:rgba(0, 0, 0, 0)\" class=\"has-inline-color has-accent-color\">S\u00e9minaires<\/mark><\/li>\n\n\n\n<li><mark style=\"background-color:rgba(0, 0, 0, 0)\" class=\"has-inline-color has-accent-color\">Journ\u00e9e d&rsquo;Int\u00e9gration<\/mark><\/li>\n\n\n\n<li><mark style=\"background-color:rgba(0, 0, 0, 0)\" class=\"has-inline-color has-accent-color\">Journ\u00e9e porte ouverte<\/mark><\/li>\n\n\n\n<li><mark style=\"background-color:rgba(0, 0, 0, 0)\" class=\"has-inline-color has-accent-color\">F\u00eate d&rsquo;entreprise<\/mark><\/li>\n\n\n\n<li><mark style=\"background-color:rgba(0, 0, 0, 0)\" class=\"has-inline-color has-accent-color\">Lancement de produit<\/mark><\/li>\n\n\n\n<li><mark style=\"background-color:rgba(0, 0, 0, 0)\" class=\"has-inline-color has-accent-color\">Inauguration<\/mark><\/li>\n\n\n\n<li><mark style=\"background-color:rgba(0, 0, 0, 0)\" class=\"has-inline-color has-accent-color\">Cocktail<\/mark><\/li>\n\n\n\n<li>Salons<\/li>\n<\/ul>\n\n\n\n<figure class=\"wp-block-image size-large\"><img loading=\"lazy\" decoding=\"async\" width=\"330\" height=\"273\" src=\"https:\/\/webcom.sn\/wp-content\/uploads\/2022\/08\/photo_detente.gif\" alt=\"\" class=\"wp-image-77\"\/><\/figure>\n","protected":false},"excerpt":{"rendered":"<p>WEBCOM vous \u00a0\u00a0\u00a0\u00a0propose \u00a0\u00a0\u00a0\u00a0un \u00a0\u00a0accompagnement \u00a0\u00a0total \u00a0dans \u00a0l\u00b4organisation de vos \u00e9v\u00e9nements. \u00a0En souscrivant \u00a0\u00a0\u00e1 notre pack \u00ab 100% \u00e9v\u00e9nement \u00bb \u00a0\u00a0vous n\u00b4aurez plus besoin de vous adresser \u00e1 plusieurs interlocuteurs. \u00a0\u00a0Un briefing avec notre \u00e9quipe dans un cadre convivial suffit pour conna\u00eetre tous vos besoins et vous proposer des services de qualit\u00e9. Nous vous garantissons [&hellip;]<\/p>\n","protected":false},"author":1,"featured_media":0,"parent":0,"menu_order":0,"comment_status":"closed","ping_status":"closed","template":"","meta":{"footnotes":""},"_links":{"self":[{"href":"https:\/\/webcom.sn\/index.php\/wp-json\/wp\/v2\/pages\/71"}],"collection":[{"href":"https:\/\/webcom.sn\/index.php\/wp-json\/wp\/v2\/pages"}],"about":[{"href":"https:\/\/webcom.sn\/index.php\/wp-json\/wp\/v2\/types\/page"}],"author":[{"embeddable":true,"href":"https:\/\/webcom.sn\/index.php\/wp-json\/wp\/v2\/users\/1"}],"replies":[{"embeddable":true,"href":"https:\/\/webcom.sn\/index.php\/wp-json\/wp\/v2\/comments?post=71"}],"version-history":[{"count":10,"href":"https:\/\/webcom.sn\/index.php\/wp-json\/wp\/v2\/pages\/71\/revisions"}],"predecessor-version":[{"id":384,"href":"https:\/\/webcom.sn\/index.php\/wp-json\/wp\/v2\/pages\/71\/revisions\/384"}],"wp:attachment":[{"href":"https:\/\/webcom.sn\/index.php\/wp-json\/wp\/v2\/media?parent=71"}],"curies":[{"name":"wp","href":"https:\/\/api.w.org\/{rel}","templated":true}]}}

Evénementiel

<figure class="wp-block-image size-full"><img loading="lazy" decoding="async" width="980" height="241" src="http://webcom.sn/wp-content/uploads/2024/03/03.jpg" alt="" class="wp-image-380" srcset="https://webcom.sn/wp-content/uploads/2024/03/03.jpg 980w, https://webcom.sn/wp-content/uploads/2024/03/03-300x74.jpg 300w, https://webcom.sn/wp-content/uploads/2024/03/03-768x189.jpg 768w" sizes="(max-width: 980px) 100vw, 980px" /></figure>



<p><strong>WEBCOM</strong>  vous     propose     un   accompagnement   total  dans  l´organisation de vos événements.  En souscrivant   á notre pack « 100% événement »   vous n´aurez plus besoin de vous adresser á plusieurs interlocuteurs.   Un briefing avec notre équipe dans un cadre convivial suffit  pour connaître tous vos besoins et vous proposer des services de qualité. Nous vous garantissons la réussite de vos événements en prenant en charge : la logistique (sonorisation, interprétariat, prise de vue, matériel informatique, photocopieurs numérique), le service traiteur (restauration, pause-café), la documentation (cartes d´invitation, affiches, flyers, banderoles, supports) la décoration et l´accueil (hôtesses et mise en place).<br>Résumons donc : un interlocuteur et plusieurs prestations et cela á des tarifs imbattables.<br>Enfin nous nous adaptons á votre budget, pour vous permettre d´organiser de petits comme de grands événements. Nous imaginons le concept qui fera de votre événement un moment inoubliable.</p>



<ul>
<li><mark style="background-color:rgba(0, 0, 0, 0)" class="has-inline-color has-accent-color">Séminaires</mark></li>



<li><mark style="background-color:rgba(0, 0, 0, 0)" class="has-inline-color has-accent-color">Journée d&rsquo;Intégration</mark></li>



<li><mark style="background-color:rgba(0, 0, 0, 0)" class="has-inline-color has-accent-color">Journée porte ouverte</mark></li>



<li><mark style="background-color:rgba(0, 0, 0, 0)" class="has-inline-color has-accent-color">Fête d&rsquo;entreprise</mark></li>



<li><mark style="background-color:rgba(0, 0, 0, 0)" class="has-inline-color has-accent-color">Lancement de produit</mark></li>



<li><mark style="background-color:rgba(0, 0, 0, 0)" class="has-inline-color has-accent-color">Inauguration</mark></li>



<li><mark style="background-color:rgba(0, 0, 0, 0)" class="has-inline-color has-accent-color">Cocktail</mark></li>



<li>Salons</li>
</ul>



<figure class="wp-block-image size-large"><img loading="lazy" decoding="async" width="330" height="273" src="https://webcom.sn/wp-content/uploads/2022/08/photo_detente.gif" alt="" class="wp-image-77"/></figure>

<p>WEBCOM vous     propose     un   accompagnement   total  dans  l´organisation de vos événements.  En souscrivant   á notre pack « 100% événement »   vous n´aurez plus besoin de vous adresser á plusieurs interlocuteurs.   Un briefing avec notre équipe dans un cadre convivial suffit pour connaître tous vos besoins et vous proposer des services de qualité. Nous vous garantissons [&hellip;]</p>
